 divided by 111155.
3
Calculate the remainder when 186145 is divided by 1431.
115
Calculate the remainder when 235638840 is divided by 51148.
4
Calculate the remainder when 4453953 is divided by 921.
918
Calculate the remainder when 3460564 is divided by 11309.
10
What is the remainder when 2079839 is divided by 105?
104
Calculate the remainder when 199339 is divided by 49745.
359
Calculate the remainder when 69093881 is divided by 96.
89
Calculate the remainder when 384910 is divided by 192335.
240
Calculate the remainder when 6806641 is divided by 164.
149
What is the remainder when 397001 is divided by 196815?
3371
What is the remainder when 1256486 is divided by 1256484?
2
Calculate the remainder when 950641 is divided by 35208.
25
What is the remainder when 804801085 is divided by 1274?
1271
What is the remainder when 260256960 is divided by 242?
238
What is the remainder when 434398 is divided by 480?
478
What is the remainder when 67098 is divided by 6685?
248
Calculate the remainder when 170567954 is divided by 56855981.
11
Calculate the remainder when 66421810 is divided by 35634.
34
Calculate the remainder when 992710 is divided by 18049.
15
Calculate the remainder when 294668 is divided by 805.
38
Calculate the remainder when 11180322 is divided by 253.
252
What is the remainder when 350753 is divided by 6?
5
What is the remainder when 187292 is divided by 186461?
831
What is the remainder when 762577 is divided by 260?
257
Calculate the remainder when 149888 is divided by 13409.
2389
What is the remainder when 267738 is divided by 7862?
430
Calculate the remainder when 40546425 is divided by 2896173.
3
What is the remainder when 2844970 is divided by 3?
1
What is the remainder when 79191499 is divided by 632?
3
Calculate the remainder when 39639970 is divided by 6606659.
16
Calculate the remainder when 13770865 is divided by 121.
97
What is the remainder when 117520033 is divided by 1210?
1203
Calculate the remainder when 141803 is divided by 504.
179
Calculate the remainder when 472522 is divided by 157501.
19
What is the remainder when 49254933 is divided by 22038?
3
What is the remainder when 326022 is divided by 29583?
609
What is the remainder when 1389368 is divided by 347320?
88
Calculate the remainder when 52238 is divided by 3280.
3038
Calculate the remainder when 8767 is divided by 850.
267
What is the remainder when 483826 is divided by 467?
14
What is the remainder when 206557 is divided by 12905?
77
What is the remainder when 1662525 is divided by 5053?
88
Calculate the remainder when 3062421 is divided by 27836.
461
What is the remainder when 9221856 is divided by 2298?
2280
Calculate the remainder when 273174 is divided by 45.
24
Calculate the remainder when 1174880 is divided by 4859.
3861
What is the remainder when 205550 is divided by 41087?
115
Calculate the remainder when 13399 is divided by 3902.
1693
What is the remainder when 137203 is divided by 10?
3
What is the remainder when 696180 is divided by 2588?
8
What is the remainder when 3424628 is divided by 112?
4
Calculate the remainder when 3970099 is divided by 49013.
46
What is the remainder when 62510 is divided by 10411?
44
What is the remainder when 2694055 is divided by 17?
14
What is the remainder when 6308275 is divided by 7128?
7123
Calculate the remainder when 474581 is divided by 237256.
69
What is the remainder when 1351350 is divided by 450422?
84
Calculate the remainder when 12407568 is divided by 1304.
8
What is the remainder when 1774 is divided by 381?
250
Calculate the remainder when 12790 is divided by 78.
76
What is the remainder when 3049740 is divided by 1016553?
81
Calculate the remainder when 23777 is divided by 11432.
913
What is the remainder when 57417 is divided by 14218?
545
What is the remainder when 1269233 is divided by 85?
13
What is the remainder when 1041104 is divided by 249?
35
Calculate the remainder when 53626 is divided by 10444.
1406
What is the remainder when 59265222 is divided by 48?
6
What is the remainder when 17032238 is divided by 371?
370
What is the remainder when 34832213 is divided by 1383?
1358
What is the remainder when 704694 is divided by 242?
232
Calculate the remainder when 39548462 is divided by 1167.
1166
What is the remainder when 893357 is divided by 126?
17
What is the remainder when 12085576 is divided by 299?
295
What is the remainder when 21403366 is divided by 716?
694
What is the remainder when 4364672 is divided by 355?
302
What is the remainder when 184088 is divided by 20416?
344
Calculate the remainder when 490624 is divided by 1758.
142
Calculate the remainder when 8029733 is divided by 286.
283
Calculate the remainder when 816353 is divided by 4208.
1
Calculate the remainder when 858508 is divided by 1.
0
Calculate the remainder when 210531881 is divided by 36.
29
Calculate the remainder when 143158 is divided by 1747.
1651
What is the remainder when 28259730 is divided by 9419894?
48
What is the remainder when 1551152 is divided by 1551043?
109
Calculate the remainder when 11306678 is divided by 3176.
118
What is the remainder when 42805 is divided by 2768?
1285
What is the remainder when 11099439 is divided by 15?
9
Calculate the remainder when 36543182 is divided by 158.
152
What is the remainder when 7963367 is divided by 199?
183
What is the remainder when 71064354 is divided by 861?
858
What is the remainder when 5817615 is divided by 1199?
67
What is the remainder when 2429668 is divided by 809877?
37
Calculate the remainder when 1024351 is divided by 188.
127
Calculate the remainder when 20490 is divided by 74.
66
Calculate the remainder when 2593216 is divided by 2399.
2296
Calculate the remainder when 3130381 is divided by 16.
13
What is the remainder when 1260217 is divided by 114565?
2
What is the remainder when 1199529 is divided by 299822?
241
Calculate the remainder when 14203348 is divided by 150.
148
Calculate the remainder when 1855 is divided by 1811.
44
Calculate the remainder when 6583911 is divided by 767.
750
Calculate the remainder when 1318074 is divided by 243.
42
What is the remainder when 9332 is divided by 926?
72
Calculate the remainder when 3950578 is divided by 227.
97
What is the remainder when 38574 is divided by 127?
93
What is the remainder when 241846 is divided by 2117?
508
Calculate the remainder when 23329666 is divided by 13548.
10
What is the remainder when 21323 is divided by 10472?
379
What is the remainder when 548437 is divided by 2493?
2470
Calculate the remainder when 465452 is divided by 978.
902
Calculate the remainder when 103047939 is divided by 2799.
2754
Calculate the remainder when 19235277 is divided by 4718.
4709
What is the remainder when 46127 is divided by 605?
147
What is the remainder when 70436013 is divided by 3606?
15
What is the remainder when 23636 is divided by 11595?
446
What is the remainder when 8183045 is divided by 2154?
2153
What is the remainder when 6805927 is divided by 928?
903
What is the remainder when 636410 is divided by 74?
10
What is the remainder when 108506 is divided by 693?
398
Calculate the remainder when 41539445 is divided by 1828.
1801
What is the remainder when 138718 is divided by 17096?
1950
Calculate the remainder when 2654429 is divided by 17234.
393
Calculate the remainder when 24914316 is divided by 443.
439
What is the remainder when 457246 is divided by 56945?
1686
Calculate the remainder when 9111115 is divided by 858.
13
What is the remainder when 34089 is divided by 982?
701
Calculate the remainder when 65273 is divided by 8.
1
Calculate the remainder when 123701 is divided by 536.
421
Calculate the remainder when 22725348 is divided by 252.
240
What is the remainder when 1690758 is divided by 563329?
771
Calculate the remainder when 5773 is divided by 493.
350
Calculate the remainder when 834927 is divided by 721.
9
What is the remainder when 25082245 is divided by 724?
713
Calculate the remainder when 1839216 is divided by 788.
24
What is the remainder when 192999 is divided by 58?
33
What is the remainder when 10092352 is divided by 293?
260
Calculate the remainder when 223361 is divided by 803.
127
What is the remainder when 239870 is divided by 79893?
191
Calculate the remai